osite number?
True
Let u = 11 - 8. Is 3/9 - (-56)/u prime?
True
Let g be (67 - 2) + 1 + 1. Is g + -2 + (-2)/(-1) composite?
False
Let t = -159 - -224. Is (-4)/(-26) - (-52185)/t prime?
False
Let v(g) = 132*g**2 - 3*g - 1. Is v(-1) a composite number?
True
Let u = -7 - -60. Suppose 2*n - a = 174, -2*n - 5*a - u = -227. Suppose -2*h + n = 13. Is h a composite number?
False
Let o = 110 - -99. Let l = -135 + o. Is l a prime number?
False
Let m(a) = 4*a**2 - 5. Is m(4) a composite number?
False
Let f = 1481 + -508. Is f composite?
True
Suppose 2*h - 6 = 0, -2*h = q + 1 - 5. Let r(p) = 3 - 7*p - 89*p - 4. Is r(q) a composite number?
False
Let u = -45 - -166. Is u a composite number?
True
Let a(h) = 206*h + 2. Let o be a(7). Suppose 2*m + 2*m = o. Suppose -4*d + 3*x + m = -0*x, x = d - 90. Is d prime?
False
Let m = 5222 - 3325. Is m a composite number?
True
Suppose 2*d + 101 = 6*d + 5*s, -29 = -d - 2*s. Is d a composite number?
False
Suppose 0 = -5*r + r - 468. Let w = r - -196. Is w prime?
True
Let y be 34/4 + 3/6. Let a = y + -43. Let v = a - -59. Is v composite?
True
Let q = -559 - -1194. Suppose 2*a + q = 7*a. Is a prime?
True
Suppose 5*f + 0*f + s - 109 = 0, 2*s = f - 24. Is f a composite number?
True
Let y = 6 - 2. Suppose 3*u + 149 = y*u. Is u composite?
False
Let w be 0*2/(-4) + 1. Let y be (0 - -14)/(2/3). Is (w - 3)/((-2)/y) a prime number?
False
Suppose -1370 = -5*m - 4*n, -822 = -3*m + 7*n - 2*n. Is m prime?
False
Suppose 5*c - 60 + 20 = 0. Let u be 0 + 1 + (c - 5). Suppose -u*d + 2*d + 170 = -2*y, 3*d - y = 251. Is d prime?
True
Let m(x) = 2*x**3 + x + 1. Let t be m(-1). Let o be -2 - -74*1/t. Let n = 64 + o. Is n a composite number?
True
Let c = -71 + 61. Let a(l) be the first derivative of -l**4/4 - 10*l**3/3 - 6*l**2 - 9*l - 1. Is a(c) a prime number?
False
Let m(c) = c**3 - 2*c**2 - 3*c + 2. Let o(l) = 11*l - 1. Let d be o(1). Suppose -2*x + d = 4. Is m(x) a prime number?
True
Let v = 601 - 294. Is v composite?
False
Suppose 6 = -5*g - 4. Is (g - -1) + 23 + -11 prime?
True
Let m = 1993 + -806. Is m a composite number?
False
Is (-5)/1*(-2226)/30 prime?
False
Suppose 3*y - 356 = -74. Let a = y - 25. Is a a composite number?
True
Suppose 0 = -3*b + 177 - 21. Let g = 1 + b. Is g a prime number?
True
Let w be 20/(-3)*693/14. Let g = -145 - w. Is g a prime number?
False
Let x = 9 + 42. Is x a prime number?
False
Let w = 312 - 147. Suppose -2*d + w = d. Is d a prime number?
False
Suppose 3*f + 0 = 201. Is f composite?
False
Let o(t) = -t**3 + 6*t**2 + 3*t - 1. Let g be o(5). Suppose 3*h = g + 18. Is h prime?
True
Let b(m) = 81*m - 20. Is b(17) a composite number?
True
Let b(a) = 232*a + 43. Is b(22) a composite number?
False
Suppose -2*c - 30 = -4*c. Is c a composite number?
True
Let v(u) = 21*u + 3. Let y be v(4). Let p = 1 + -1. Is y + p - (-2 - 0) a prime number?
True
Is -8*2*-12 + 2 a composite number?
True
Is 1251 - 0 - ((0 - -1) + 1) prime?
True
Suppose -2*h = -5 + 3. Let m be h - (3 - 3)/(-2). Is 12 + (1 - 0) + m a prime number?
False
Let j = 6 - 3. Let u be (-51)/(-2) - 2/(-4). Is (j - (-15)/(-6))*u prime?
True
Let x(a) = 15*a + 19. Let z be x(-6). Let g = z - -136. Is g a prime number?
False
Let b(r) = -r**3 + 15*r**2 + r - 12. Let p be b(15). Let w be (2/(-3))/((-1)/786). Suppose -w - 109 = -p*u. Is u prime?
True
Let t(p) = 2*p**2 + 6*p - 1. Suppose 3*z + 11 + 7 = 0. Is t(z) a composite number?
True
Suppose 0 = -3*w + x + 7, 4*x - x = 15. Is (2/w)/((-9)/(-954)) a composite number?
False
Let d(t) = -11*t**2 + 4. Let o(b) = -b**2. Let j(y) = -d(y) + 6*o(y). Is j(-5) prime?
False
Let y(w) = -40*w**3 - w - 3. Is y(-2) prime?
False
Suppose -17 + 4 = d + 4*j, -2*j = 4*d - 18. Let u = d + -1. Let t(p) = 3*p + 3. Is t(u) prime?
False
Is ((-7609)/21)/((-2)/6) composite?
False
Is 3 + (3 - 7)*-31 composite?
False
Let s(r) = 266*r**3 + r**2. Let i be s(1). Suppose 0*q - i = -3*q. Is q a composite number?
False
Let j(l) = 7*l + 8. Let s be j(-8). Let f = s + 120. Let t = 7 + f. Is t prime?
True
Let y(j) = 6*j**2 - 4*j + 14. Is y(-6) composite?
True
Suppose 25 = 2*r + 3*r. Suppose -243 = -2*m + r*d, d + 239 = 2*m - 0*d. Is m a prime number?
False
Let y(w) = -6*w + 1. Suppose -b + 4*b = -5*s + 4, 2*s = 5*b + 14. Suppose -s*f + 5*f + 9 = 0. Is y(f) a composite number?
False
Suppose 2*u = 1 + 77. Is u a prime number?
False
Let o(j) = -j**2 + 14*j + 17. Let h be o(13). Is (1 + 1)/(h/765) a prime number?
False
Let g(h) = h**2 + 8*h - 14. Let k be g(-6). Let a = k + 57. Is a a prime number?
True
Let t be 3*(-3)/(-18)*0. Suppose j + 4*j - 195 = t. Is j composite?
True
Is (-22)/77 + (-639)/(-7) a composite number?
True
Is ((-120)/75)/((-4)/(-10)) - -2447 a prime number?
False
Let g(s) = -50*s - 4. Is g(-9) composite?
True
Is -1 + 1 + (5 + -1 - -294) a prime number?
False
Let c = 16 - 12. Suppose 0 = -c*d + 4, 5*m + 3*d = -90 + 698. Is m composite?
True
Suppose w + 804 - 2225 = -3*v, 3*v = -4*w + 5666. Is w composite?
True
Let t(c) = -21*c**2 + c + 6. Let o(p) = 10*p**2 - 3. Let q(r) = 5*o(r) + 2*t(r). Is q(4) prime?
False
Suppose 0*j - 4*j = 0. Suppose c - 97 = -j*c. Is c a composite number?
False
Is ((-2)/(-3))/((-6)/(-1449)) a composite number?
True
Is 3*(-656)/(-12) - 3 a composite number?
True
Suppose -5*f = -h - 0*f - 48, 66 = -h - f. Let d = 176 + h. Is d a composite number?
False
Is -5 - -9 - (-1619 - -2) composite?
False
Let b(w) = -14*w**3 - 2*w + 2 - 3 + 15*w**3 + w + 5*w**2. Is b(-4) composite?
False
Let v be 58/7 - (-12)/(-42). Let a(s) = -s**2 + 9*s - 7. Let d be a(v). Is (d + (-35)/4)*-4 a prime number?
True
Suppose 0*t + 6 = -3*t. Let n = 1 + t. Is 52 + n + 0 + 2 composite?
False
Let b = -143 + 201. Is b a prime number?
False
Suppose -422 = -3*n + 2*n. Is n a composite number?
True
Let a = 17 - -6. Is a a prime number?
True
Let w = -18 - -27. Let n be 43/w + 2/9. Suppose -5*h - 4*s = -397, n*s + 55 = h - 7. Is h composite?
True
Suppose 4*p - 1 - 7 = 0. Is (-4)/(-4) + 18*p a prime number?
True
Suppose -5*n + 46 = -34. Suppose 3*l - n = -l. Let i(x) = x**2 - 2*x + 5. Is i(l) a composite number?
False
Suppose -10*x - 148 = -14*x. Is x composite?
False
Let f(x) = -x - 6. Let m be f(-6). Is (m - -38) + (4 - 7) a prime number?
False
Let k(h) = 6*h**2. Let r be k(1). Let n be (-4)/10 + 126/(-10). Let v = r - n. Is v composite?
False
Let b(r) = -r - 9. Let m be b(-7). Let a be (-1 + 1)/(m - -1). Is a - -9 - (-3 - -5) a prime number?
True
Let g = 34 + -16. Let l = g - -20. Is l a prime number?
False
Suppose 7*s - 2579 = 3*s + 3*j, -s + 646 = -j. Is s a composite number?
False
Let k(o) = -117*o. Let b be k(-1). Suppose -3*z + 61 = -4*q, -z + 0*z - 4*q = 1. Suppose -z = -4*n + b. Is n a composite number?
True
Let l(y) = -y**3 + 6*y**2 + 3*y - 3. Let t be l(7). Let w = t + 90. Is w a composite number?
False
Suppose j - 78 = -d, -6*j + 8*j = -3*d + 151. Is j a composite number?
False
Let c(x) be the first derivative of -17*x**2/2 - 3*x + 3. Is c(-2) a prime number?
True
Suppose a = -3*a + 8, 4*r + a = 33414. Is r composite?
False
Let m(c) = 7*c**2. Let w(h) = 3*h**2. Let v(g) = 4*m(g) - 9*w(g). Let p be v(2). Is 4*(-2 + 97/p) composite?
False
Suppose 7*r + 9 = 6*r. Is -63*((-6)/r - 1) a prime number?
False
Let h be (-2)/8 - 475/20. Is -3*(-14)/h*-76 prime?
False
Let b(f) = -12*f - f**2 - 1 + 0*f**2 + 0*f**2. Suppose -4*q - 52 = 2*u, 5*q + 23 = u - 28. Is b(q) a prime number?
False
Let a = 21 + -14. Suppose a*f - 6*f = 157. Is f a prime number?
True
Suppose 3*t + o + 0*o = 4151, t - 2*o - 1393 = 0. Is t a composite number?
True
Let v(w) = w - 95 + 202 + 230 + 0*w - w**2. Let z be v(0). Let y = z - 192. Is y a composite number?
True
Suppose -l + 701 = c + 213, -2*c = -3*l - 976. Let y = c - -53. Is y prime?
True
Let x = 9 + -4. Suppose -2*w + 6 = w, -2*y = -x*w - 40. Is y a prime number?
False
Suppose 5*x - 900 = -r - 2*r, r + 5*x - 310 = 0. Is r prime?
False
Suppose 5*w - 688 = 5247. Is w a composite number?
False
Suppose k + 19 = -l, 3*l + 2*l - 2*k = -60. Let g be (-2)/(-7) + (-1028)/(-28). Let s = l + g. Is s composite?
False
Is (-2)/(-6) + 1986/9 prime?
False
Let i be 1/(-1*(-3)/(-18)). Let v = i + 4. Is (38/v - 3)*-1 prime?
False
Suppose 207*v - 5596 = 203*v. Is v a prime number?
True
Suppose -5*c - 3*r + 71 = 0, -4*c - 4*r + 2*r + 56 = 0. I